{"id":21,"date":"2012-11-16T12:49:44","date_gmt":"2012-11-16T10:49:44","guid":{"rendered":"https:\/\/dev.chiptuninglogan.ro\/clone\/?page_id=21"},"modified":"2024-01-09T22:56:31","modified_gmt":"2024-01-09T20:56:31","slug":"consum","status":"publish","type":"page","link":"https:\/\/dev.chiptuninglogan.ro\/clone\/consum\/","title":{"rendered":"Consum"},"content":{"rendered":"\n<div class=\"wp-block-media-text is-stacked-on-mobile is-vertically-aligned-bottom\" style=\"grid-template-columns:45% auto\"><figure class=\"wp-block-media-text__media\"><img loading=\"lazy\" decoding=\"async\" width=\"1024\" height=\"576\" src=\"https:\/\/dev.chiptuninglogan.ro\/clone\/wp-content\/uploads\/2012\/11\/dacia-duster-ph2-04-1024x576.jpg\" alt=\"Consum Dacia dup\u0103 resoftare\" class=\"wp-image-734 size-full\" srcset=\"https:\/\/dev.chiptuninglogan.ro\/clone\/wp-content\/uploads\/2012\/11\/dacia-duster-ph2-04-1024x576.jpg 1024w, https:\/\/dev.chiptuninglogan.ro\/clone\/wp-content\/uploads\/2012\/11\/dacia-duster-ph2-04-300x169.jpg 300w, https:\/\/dev.chiptuninglogan.ro\/clone\/wp-content\/uploads\/2012\/11\/dacia-duster-ph2-04-768x432.jpg 768w, https:\/\/dev.chiptuninglogan.ro\/clone\/wp-content\/uploads\/2012\/11\/dacia-duster-ph2-04-1536x864.jpg 1536w, https:\/\/dev.chiptuninglogan.ro\/clone\/wp-content\/uploads\/2012\/11\/dacia-duster-ph2-04.jpg 1920w\" sizes=\"auto, (max-width: 1024px) 100vw, 1024px\" \/><\/figure><div class=\"wp-block-media-text__content\">\n<p>Ajustarea optimizat\u0103 a cuplului motor, cre\u0219terea puterii \u0219i \u00eembun\u0103t\u0103\u021birea reprizelor la motoriz\u0103rile cu turbosuflant\u0103, poate duce la reducere consumului de carburant cu valori cuprinse \u00eentre 5-10 %. Indiferent dac\u0103 se opteaz\u0103 pentru o variant\u0103 <strong>ECO Tuning<\/strong>, <strong>Stage 1<\/strong> sau <strong>Stage 2<\/strong>, reducerea vizibil\u0103 a consumului de carburant se realizeaz\u0103 doar dac\u0103 se adopt\u0103 un stil de \u0219ofat lejer, f\u0103r\u0103 ap\u0103sarea brutal\u0103 a pedalei de accelera\u021bie \u0219i cu un regim de vitez\u0103 economic.<\/p>\n<\/div><\/div>\n\n\n\n<p>Am creat varianta de software <span style=\"color: #009925;\">ECO Tuning<\/span>\u00a0special pentru motoarele turbo diesel pentru a reduce consumul de carburant cu p\u00e2n\u0103 la 10-15% \u00een c\u0103l\u0103toriile la distan\u021b\u0103 cu Dacia Logan, Sandero, Duster sau vehicule utilitare (Dacia Logan MCV, Logan Pick-Up sau VAN).<\/p>\n\n\n\n<h3 class=\"wp-block-heading\"><span style=\"color: #009925;\"><span style=\"color: #009925;\">ECO Tuning<\/span>\u00a0ofer\u0103:<\/span><\/h3>\n\n\n\n<p>\u00bb&nbsp;cu p\u00e2n\u0103 la 10 % mai mult\u0103 putere \u0219i cuplu<br>\u00bb&nbsp;consum redus de combustibil cu pana la 15%<\/p>\n\n\n\n<h4 class=\"wp-block-heading\"><span style=\"color: #d40f24;\">Recomandarea noastr\u0103:<\/span><\/h4>\n\n\n\n<p>Dac\u0103 urmare\u0219ti sc\u0103derea consumului de carburant la motorizarea Dacia 1.5dCi\u00a0\u0219i \u00een acela\u0219i timp dore\u0219ti o \u00eembun\u0103t\u0103\u021bire a reprizelor \u00een dep\u0103\u0219iri, alege varianta de chip tuning Stage 1. Po\u021bi ob\u021bine astfel un plus de putere cu 15-20% mai mare \u0219i \u00een acela\u0219i timp o reducere a consumului de carburant cu aproximativ 0.5-0.8l\/100km \u00een regim extraurban.<\/p>\n\n\n\n<h4 class=\"wp-block-heading\"><span style=\"color: #d40f24;\">De re\u021binut:<\/span><\/h4>\n\n\n\n<p>Sc\u0103derea consumului de carburant dup\u0103 chip tuning, <strong>nu se aplic\u0103<\/strong> pentru motoriz\u0103rile benzina aspirat. Mai mult este posibil s\u0103 observ\u0103m mici cre\u0219teri ale consumului atunci c\u0103nd motorul lucreaz\u0103 \u00een regimuri de tura\u021bii \u00eenalte.<\/p>\n","protected":false},"excerpt":{"rendered":"<p>Ajustarea optimizat\u0103 a cuplului motor, cre\u0219terea puterii \u0219i \u00eembun\u0103t\u0103\u021birea reprizelor la motoriz\u0103rile cu turbosuflant\u0103, poate duce la reducere consumului de carburant cu valori cuprinse \u00eentre 5-10 %. Indiferent dac\u0103 se opteaz\u0103 pentru o variant\u0103 ECO Tuning, Stage 1 sau Stage 2, reducerea vizibil\u0103 a consumului de carburant se realizeaz\u0103 doar dac\u0103 se adopt\u0103 un stil &#8230; <a title=\"Consum\" class=\"read-more\" href=\"https:\/\/dev.chiptuninglogan.ro\/clone\/consum\/\" aria-label=\"Cite\u0219te mai multe despre Consum\">Read more<\/a><\/p>\n","protected":false},"author":1,"featured_media":0,"parent":0,"menu_order":2,"comment_status":"closed","ping_status":"open","template":"","meta":{"footnotes":""},"class_list":{"0":"post-21","1":"page","2":"type-page","3":"status-publish","5":"no-featured-image-padding"},"_links":{"self":[{"href":"https:\/\/dev.chiptuninglogan.ro\/clone\/wp-json\/wp\/v2\/pages\/21","targetHints":{"allow":["GET"]}}],"collection":[{"href":"https:\/\/dev.chiptuninglogan.ro\/clone\/wp-json\/wp\/v2\/pages"}],"about":[{"href":"https:\/\/dev.chiptuninglogan.ro\/clone\/wp-json\/wp\/v2\/types\/page"}],"author":[{"embeddable":true,"href":"https:\/\/dev.chiptuninglogan.ro\/clone\/wp-json\/wp\/v2\/users\/1"}],"replies":[{"embeddable":true,"href":"https:\/\/dev.chiptuninglogan.ro\/clone\/wp-json\/wp\/v2\/comments?post=21"}],"version-history":[{"count":40,"href":"https:\/\/dev.chiptuninglogan.ro\/clone\/wp-json\/wp\/v2\/pages\/21\/revisions"}],"predecessor-version":[{"id":965,"href":"https:\/\/dev.chiptuninglogan.ro\/clone\/wp-json\/wp\/v2\/pages\/21\/revisions\/965"}],"wp:attachment":[{"href":"https:\/\/dev.chiptuninglogan.ro\/clone\/wp-json\/wp\/v2\/media?parent=21"}],"curies":[{"name":"wp","href":"https:\/\/api.w.org\/{rel}","templated":true}]}}